{"id":589,"date":"2022-10-03T17:30:22","date_gmt":"2022-10-03T17:30:22","guid":{"rendered":"http:\/\/transparencia.cide.edu\/?page_id=589"},"modified":"2025-10-17T17:16:08","modified_gmt":"2025-10-17T17:16:08","slug":"avisos-de-privacidad-integral","status":"publish","type":"page","link":"https:\/\/transparencia.cide.edu\/index.php\/avisos-de-privacidad-integral\/","title":{"rendered":"AVISOS DE PRIVACIDAD INTEGRAL"},"content":{"rendered":"<p>[et_pb_section fb_built=&#8221;1&#8243; admin_label=&#8221;Hero Section&#8221; _builder_version=&#8221;4.18.0&#8243; background_enable_image=&#8221;off&#8221; custom_margin=&#8221;|||&#8221; custom_padding=&#8221;0%|0px|0%|0px||&#8221; global_colors_info=&#8221;{}&#8221;][et_pb_row _builder_version=&#8221;4.18.0&#8243; _module_preset=&#8221;default&#8221; width=&#8221;82.7%&#8221; custom_margin=&#8221;|78px||268px||&#8221; custom_padding=&#8221;30px|||0px||&#8221; global_colors_info=&#8221;{}&#8221;][et_pb_column type=&#8221;4_4&#8243; _builder_version=&#8221;4.18.0&#8243; _module_preset=&#8221;default&#8221; global_colors_info=&#8221;{}&#8221;][et_pb_menu _builder_version=&#8221;4.18.0&#8243; _module_preset=&#8221;default&#8221; custom_margin=&#8221;|||-69px||&#8221; custom_padding=&#8221;|0px||||&#8221; global_colors_info=&#8221;{}&#8221;][\/et_pb_menu][\/et_pb_column][\/et_pb_row][\/et_pb_section][et_pb_section fb_built=&#8221;1&#8243; admin_label=&#8221;Hero Section&#8221; _builder_version=&#8221;4.18.0&#8243; use_background_color_gradient=&#8221;on&#8221; background_color_gradient_direction=&#8221;90deg&#8221; background_color_gradient_stops=&#8221;#163d34 29%|rgba(244,240,233,0) 100%&#8221; background_color_gradient_overlays_image=&#8221;on&#8221; background_color_gradient_start=&#8221;#f4f0e9&#8243; background_color_gradient_start_position=&#8221;30%&#8221; background_color_gradient_end=&#8221;rgba(244,240,233,0)&#8221; background_image=&#8221;https:\/\/transparencia.cide.edu\/wp-content\/uploads\/2022\/09\/CIB-8-scaled-1.jpg&#8221; custom_margin=&#8221;|||&#8221; custom_padding=&#8221;0%|0px|14%|0px||&#8221; global_colors_info=&#8221;{}&#8221;][et_pb_row custom_padding_last_edited=&#8221;off|desktop&#8221; admin_label=&#8221;Hero Area&#8221; _builder_version=&#8221;4.17.5&#8243; custom_padding=&#8221;27px|0px|0px|0px&#8221; global_colors_info=&#8221;{}&#8221;][et_pb_column type=&#8221;4_4&#8243; _builder_version=&#8221;4.17.5&#8243; custom_padding=&#8221;|||&#8221; global_colors_info=&#8221;{}&#8221; custom_padding__hover=&#8221;|||&#8221;][\/et_pb_column][\/et_pb_row][\/et_pb_section][et_pb_section fb_built=&#8221;1&#8243; admin_label=&#8221;Our Specialties Section&#8221; _builder_version=&#8221;4.16&#8243; custom_padding=&#8221;1px||4px|||&#8221; global_colors_info=&#8221;{}&#8221;][et_pb_row admin_label=&#8221;Title Area&#8221; _builder_version=&#8221;4.16&#8243; global_colors_info=&#8221;{}&#8221;][et_pb_column type=&#8221;4_4&#8243; _builder_version=&#8221;4.16&#8243; custom_padding=&#8221;|||&#8221; global_colors_info=&#8221;{}&#8221; custom_padding__hover=&#8221;|||&#8221;][et_pb_text admin_label=&#8221;Title&#8221; _builder_version=&#8221;4.22.1&#8243; text_font=&#8221;||||||||&#8221; header_font=&#8221;||||||||&#8221; header_2_font=&#8221;Alice||||||||&#8221; header_2_text_align=&#8221;center&#8221; header_2_font_size=&#8221;42px&#8221; header_2_line_height=&#8221;1.3em&#8221; custom_margin=&#8221;||20px|&#8221; animation_style=&#8221;slide&#8221; animation_direction=&#8221;top&#8221; animation_intensity_slide=&#8221;30%&#8221; animation_starting_opacity=&#8221;100%&#8221; global_colors_info=&#8221;{}&#8221;]<\/p>\n<h1 class=\"bottom-buffer\" style=\"text-align: center;\">AVISOS DE PRIVACIDAD INTEGRAL<\/h1>\n<p>[\/et_pb_text][et_pb_divider color=&#8221;#2a2a2a&#8221; divider_weight=&#8221;3px&#8221; _builder_version=&#8221;4.16&#8243; max_width=&#8221;50px&#8221; module_alignment=&#8221;center&#8221; custom_margin=&#8221;||10px|&#8221; animation_style=&#8221;slide&#8221; animation_direction=&#8221;top&#8221; animation_intensity_slide=&#8221;30%&#8221; animation_starting_opacity=&#8221;100%&#8221; global_colors_info=&#8221;{}&#8221;][\/et_pb_divider][\/et_pb_column][\/et_pb_row][et_pb_row column_structure=&#8221;1_2,1_2&#8243; admin_label=&#8221;Our Specialties&#8221; _builder_version=&#8221;4.22.1&#8243; custom_margin=&#8221;40px|||&#8221; global_colors_info=&#8221;{}&#8221;][et_pb_column type=&#8221;1_2&#8243; _builder_version=&#8221;4.16&#8243; custom_padding=&#8221;|||&#8221; global_colors_info=&#8221;{}&#8221; custom_padding__hover=&#8221;|||&#8221;][et_pb_text _builder_version=&#8221;4.27.0&#8243; _module_preset=&#8221;default&#8221; min_height=&#8221;605.5px&#8221; custom_margin=&#8221;||48px|||&#8221; hover_enabled=&#8221;0&#8243; global_colors_info=&#8221;{}&#8221; sticky_enabled=&#8221;0&#8243;]<\/p>\n<p style=\"text-align: center;\"><strong>Avisos de Privacidad<\/strong><\/p>\n<p style=\"text-align: justify;\">En esta secci\u00f3n, se encuentran los documentos que especifican c\u00f3mo se gestionan y protegen los datos personales en nuestras operaciones. Cada aviso ha sido elaborado con el objetivo de ofrecer una comprensi\u00f3n exhaustiva y precisa del tratamiento de la informaci\u00f3n, en conformidad con las leyes y normativas aplicables.<\/p>\n<p><strong>1. Aviso de Privacidad Integral CIDE.<\/strong><\/p>\n<p>Este documento proporciona una descripci\u00f3n detallada del tratamiento de los datos personales en el contexto de nuestros servicios. Incluye informaci\u00f3n sobre las finalidades, el uso previsto de los datos, as\u00ed como las medidas de seguridad implementadas para su protecci\u00f3n.<\/p>\n<p><a href=\"https:\/\/transparencia.cide.edu\/files\/Anexo_8\/Aviso%20de%20Privacidad%20Integral%20CIDE.pdf\" target=\"_blank\" rel=\"noopener\">Leer Aviso de Privacidad Integral.<\/a><\/p>\n<p><strong>2. Aviso de Privacidad Integral \u2013 Torneo Rel\u00e1mpago de Verano 2025.<\/strong><\/p>\n<p>Este documento explica el tratamiento que el CIDE dar\u00e1 a los datos personales de quienes participen en el torneo, conforme a la normativa aplicable. Contiene informaci\u00f3n sobre los tipos de datos recabados, sus finalidades (como la inscripci\u00f3n, la seguridad m\u00e9dica y la difusi\u00f3n institucional), as\u00ed como los derechos que pueden ejercer los participantes y los canales disponibles para ello.<\/p>\n<p><a href=\"https:\/\/transparencia.cide.edu\/files\/Anexo_8\/AVISO%20DE%20PRIVACIDAD%20INTEGRAL%20COPA_REL\u00c1MPAGO_2025.pdf\" target=\"_blank\" rel=\"noopener\">Leer Aviso de Privacidad Integral.<\/a><\/p>\n<p><strong>3. Aviso de Privacidad Integral \u2013 Promoci\u00f3n y Admisiones 2025.<\/strong><\/p>\n<p style=\"text-align: justify;\">Este documento detalla c\u00f3mo el CIDE tratar\u00e1 los datos personales de quienes manifiesten inter\u00e9s en sus programas acad\u00e9micos, conforme a la normativa vigente. Incluye las finalidades del tratamiento (como el contacto institucional, el seguimiento al proceso de admisi\u00f3n y el uso estad\u00edstico de informaci\u00f3n disociada), as\u00ed como los derechos que pueden ejercer las personas titulares y los medios disponibles para hacerlo valer.<\/p>\n<p><a href=\"https:\/\/transparencia.cide.edu\/files\/Anexo_8\/Aviso_Privacidad_Promocion_Admision_2025.pdf\" target=\"_blank\" rel=\"noopener\">Leer Aviso de Privacidad Integral<\/a><\/p>\n<p><strong>4. Aviso de Privacidad Integral \u2013 Curso de Verano 2025.<\/strong><\/p>\n<p style=\"text-align: justify;\">Este documento establece c\u00f3mo se tratar\u00e1n los datos personales de las ni\u00f1as, ni\u00f1os y adolescentes que participen en el Curso de Verano 2025, en cumplimiento con la normativa aplicable en materia de protecci\u00f3n de datos personales. Incluye informaci\u00f3n sobre los tipos de datos recabados, sus finalidades (como la inscripci\u00f3n y organizaci\u00f3n de las actividades del curso, la seguridad m\u00e9dica y la difusi\u00f3n institucional), as\u00ed como los derechos que pueden ejercer los participantes y sus representantes legales, y los medios disponibles para ejercerlos.<\/p>\n<p style=\"text-align: justify;\"><a href=\"https:\/\/transparencia.cide.edu\/files\/Anexo_8\/AVISO%20DE%20PRIVACIDAD%20INTEGRAL_CURSO_DE_VERANO_2025.pdf\" target=\"_blank\" rel=\"noopener\"><span data-olk-copy-source=\"MessageBody\">Leer Aviso de Privacidad Integral<\/span><\/a><\/p>\n<p><strong>5. Aviso de Privacidad Integral \u2013 Oficina de Becas 2025.<\/strong><\/p>\n<p style=\"text-align: justify;\">Este documento explica el tratamiento que el CIDE, a trav\u00e9s de la Oficina de Becas, dar\u00e1 a los datos personales de quienes soliciten becas o financiamientos para estudios de licenciatura o posgrado, conforme a la normativa aplicable. Contiene informaci\u00f3n sobre los tipos de datos recabados y sus finalidades (como la gesti\u00f3n y evaluaci\u00f3n de solicitudes, la realizaci\u00f3n de tr\u00e1mites administrativos y acad\u00e9micos, la integraci\u00f3n de expedientes, la elaboraci\u00f3n de reportes estad\u00edsticos y la mejora de programas de apoyo estudiantil), as\u00ed como los derechos que pueden ejercer las personas titulares y los canales disponibles para ello.<\/p>\n<p style=\"text-align: justify;\"><a href=\"https:\/\/transparencia.cide.edu\/files\/Anexo_8\/Aviso_Privacidad_Becas_CIDE_2025.pdf\" target=\"_blank\" rel=\"noopener\"><span data-olk-copy-source=\"MessageBody\">Leer Aviso de Privacidad Integral<\/span><\/a><\/p>\n<p><strong>6. Aviso de Privacidad Integral \u2013 Diplomado en Comunicaci\u00f3n Pol\u00edtica y Campa\u00f1as Electorales 2025.<\/strong><\/p>\n<p style=\"text-align: justify;\">Este documento explica c\u00f3mo el CIDE tratar\u00e1 los datos personales de las alumnas y alumnos inscritos en el Diplomado en Comunicaci\u00f3n Pol\u00edtica y Campa\u00f1as Electorales, organizado por la Divisi\u00f3n de Estudios Pol\u00edticos. El tratamiento se realiza conforme a la Ley General de Transparencia y Acceso a la Informaci\u00f3n P\u00fablica y a la Ley General de Protecci\u00f3n de Datos Personales en Posesi\u00f3n de Sujetos Obligados. El CIDE recopila \u00fanicamente la informaci\u00f3n necesaria para el desarrollo acad\u00e9mico y administrativo del diplomado. Esta se utiliza para mantener la comunicaci\u00f3n con las y los participantes, validar su inscripci\u00f3n y emitir los diplomas correspondientes, bajo criterios de seguridad, confidencialidad y responsabilidad institucional. Asimismo, el CIDE pone a disposici\u00f3n de las personas titulares sus derechos ARCO (Acceso, Rectificaci\u00f3n, Cancelaci\u00f3n y Oposici\u00f3n) y el mecanismo para manifestar, si as\u00ed lo desean, su negativa al uso de su imagen. Cualquier cambio en este aviso ser\u00e1 informado a trav\u00e9s del portal oficial de transparencia del CIDE.<\/p>\n<p style=\"text-align: justify;\"><a href=\"https:\/\/transparencia.cide.edu\/files\/Anexo_8\/Aviso_Privacidad_Diplomado_Comunicaci\u00f3n%20Pol\u00edtica_%20Campa\u00f1as%20Electorales.pdf\" target=\"_blank\" rel=\"noopener\"><span data-olk-copy-source=\"MessageBody\">Leer Aviso de Privacidad Integral<\/span><\/a><\/p>\n<p>[\/et_pb_text][\/et_pb_column][et_pb_column type=&#8221;1_2&#8243; _builder_version=&#8221;4.16&#8243; custom_padding=&#8221;|||&#8221; global_colors_info=&#8221;{}&#8221; custom_padding__hover=&#8221;|||&#8221;][et_pb_image src=&#8221;https:\/\/transparencia.cide.edu\/wp-content\/uploads\/2022\/09\/ALAMEDA-1.jpg&#8221; title_text=&#8221;ALAMEDA (1)&#8221; url=&#8221;https:\/\/transparencia.cide.edu\/index.php\/datos-abierto\/&#8221; url_new_window=&#8221;on&#8221; force_fullwidth=&#8221;on&#8221; align_tablet=&#8221;center&#8221; align_phone=&#8221;&#8221; align_last_edited=&#8221;on|desktop&#8221; _builder_version=&#8221;4.18.0&#8243; animation_style=&#8221;zoom&#8221; animation_direction=&#8221;top&#8221; animation_intensity_zoom=&#8221;10%&#8221; animation_starting_opacity=&#8221;100%&#8221; global_colors_info=&#8221;{}&#8221;][\/et_pb_image][et_pb_text _builder_version=&#8221;4.18.0&#8243; text_font=&#8221;||||||||&#8221; text_font_size=&#8221;16px&#8221; text_line_height=&#8221;1.8em&#8221; header_font=&#8221;||||||||&#8221; header_3_font=&#8221;|600|||||||&#8221; header_3_line_height=&#8221;1.5em&#8221; custom_margin=&#8221;40px||10px|&#8221; custom_padding=&#8221;|||&#8221; animation_style=&#8221;flip&#8221; animation_starting_opacity=&#8221;100%&#8221; global_colors_info=&#8221;{}&#8221;]<\/p>\n<h2 class=\"to-animate fadeInUp animated text-center\">CIDE<\/h2>\n<p>[\/et_pb_text][\/et_pb_column][\/et_pb_row][\/et_pb_section][et_pb_section fb_built=&#8221;1&#8243; admin_label=&#8221;Seasonal Collection&#8221; _builder_version=&#8221;4.17.6&#8243; background_color=&#8221;#264059&#8243; use_background_color_gradient=&#8221;on&#8221; background_color_gradient_direction=&#8221;90deg&#8221; background_color_gradient_stops=&#8221;#163d34 30%|rgba(38,64,89,0) 100%&#8221; background_color_gradient_overlays_image=&#8221;on&#8221; background_color_gradient_start=&#8221;#264059&#8243; background_color_gradient_start_position=&#8221;30%&#8221; background_color_gradient_end=&#8221;rgba(38,64,89,0)&#8221; background_image=&#8221;http:\/\/10.10.1.63\/cide\/wp-content\/uploads\/2022\/07\/MG_4128.jpg&#8221; parallax=&#8221;on&#8221; custom_margin=&#8221;4px||1px|||&#8221; custom_padding=&#8221;0.2%|0px|0%|0px||&#8221; global_colors_info=&#8221;{}&#8221;][et_pb_row custom_padding_last_edited=&#8221;off|desktop&#8221; admin_label=&#8221;Hero Area&#8221; _builder_version=&#8221;4.16&#8243; max_width=&#8221;80%&#8221; custom_padding=&#8221;27px|0px|0px|0px||&#8221; use_custom_width=&#8221;on&#8221; width_unit=&#8221;off&#8221; global_colors_info=&#8221;{}&#8221;][et_pb_column type=&#8221;4_4&#8243; _builder_version=&#8221;4.16&#8243; custom_padding=&#8221;|||&#8221; global_colors_info=&#8221;{}&#8221; custom_padding__hover=&#8221;|||&#8221;][et_pb_text admin_label=&#8221;Hero Title&#8221; _builder_version=&#8221;4.17.6&#8243; text_font=&#8221;Open Sans||||||||&#8221; header_font=&#8221;Alice||||||||&#8221; header_font_size=&#8221;120px&#8221; header_letter_spacing=&#8221;-3px&#8221; header_line_height=&#8221;1.1em&#8221; background_layout=&#8221;dark&#8221; animation_style=&#8221;slide&#8221; animation_direction=&#8221;left&#8221; animation_intensity_slide=&#8221;5%&#8221; animation_starting_opacity=&#8221;100%&#8221; text_font_size_last_edited=&#8221;off|desktop&#8221; header_font_size_tablet=&#8221;&#8221; header_font_size_phone=&#8221;60px&#8221; header_font_size_last_edited=&#8221;on|phone&#8221; inline_fonts=&#8221;Open Sans&#8221; global_colors_info=&#8221;{}&#8221;][\/et_pb_text][et_pb_text _builder_version=&#8221;4.17.6&#8243; text_font=&#8221;||||||||&#8221; text_font_size=&#8221;18px&#8221; text_line_height=&#8221;1.8em&#8221; header_font=&#8221;||||||||&#8221; background_layout=&#8221;dark&#8221; max_width=&#8221;500px&#8221; custom_margin=&#8221;|||&#8221; custom_padding=&#8221;||10px|&#8221; animation_style=&#8221;slide&#8221; animation_direction=&#8221;left&#8221; animation_intensity_slide=&#8221;5%&#8221; animation_starting_opacity=&#8221;100%&#8221; global_colors_info=&#8221;{}&#8221;][\/et_pb_text][\/et_pb_column][\/et_pb_row][\/et_pb_section]<\/p>\n","protected":false},"excerpt":{"rendered":"<p>AVISOS DE PRIVACIDAD INTEGRALAvisos de Privacidad En esta secci\u00f3n, se encuentran los documentos que especifican c\u00f3mo se gestionan y protegen los datos personales en nuestras operaciones. Cada aviso ha sido elaborado con el objetivo de ofrecer una comprensi\u00f3n exhaustiva y precisa del tratamiento de la informaci\u00f3n, en conformidad con las leyes y normativas aplicables. 1. [&hellip;]<\/p>\n","protected":false},"author":1,"featured_media":0,"parent":0,"menu_order":0,"comment_status":"closed","ping_status":"closed","template":"","meta":{"_et_pb_use_builder":"on","_et_pb_old_content":"","_et_gb_content_width":"","footnotes":""},"class_list":["post-589","page","type-page","status-publish","hentry"],"_links":{"self":[{"href":"https:\/\/transparencia.cide.edu\/index.php\/wp-json\/wp\/v2\/pages\/589","targetHints":{"allow":["GET"]}}],"collection":[{"href":"https:\/\/transparencia.cide.edu\/index.php\/wp-json\/wp\/v2\/pages"}],"about":[{"href":"https:\/\/transparencia.cide.edu\/index.php\/wp-json\/wp\/v2\/types\/page"}],"author":[{"embeddable":true,"href":"https:\/\/transparencia.cide.edu\/index.php\/wp-json\/wp\/v2\/users\/1"}],"replies":[{"embeddable":true,"href":"https:\/\/transparencia.cide.edu\/index.php\/wp-json\/wp\/v2\/comments?post=589"}],"version-history":[{"count":25,"href":"https:\/\/transparencia.cide.edu\/index.php\/wp-json\/wp\/v2\/pages\/589\/revisions"}],"predecessor-version":[{"id":1610,"href":"https:\/\/transparencia.cide.edu\/index.php\/wp-json\/wp\/v2\/pages\/589\/revisions\/1610"}],"wp:attachment":[{"href":"https:\/\/transparencia.cide.edu\/index.php\/wp-json\/wp\/v2\/media?parent=589"}],"curies":[{"name":"wp","href":"https:\/\/api.w.org\/{rel}","templated":true}]}}